e
Is 4339838071 prime?
False
Is 1088184862 a prime number?
False
Is 15622938259 a composite number?
False
Is 12321848123 a prime number?
False
Is 186381977 a composite number?
False
Is 687734353 composite?
True
Is 554830789 composite?
False
Is 12463090769 a prime number?
False
Is 3442690663 a composite number?
False
Is 7446723983 a prime number?
False
Is 34102499 prime?
True
Is 1098486379 prime?
True
Is 6214898749 prime?
True
Is 26291305987 prime?
False
Is 889402357 composite?
False
Is 812372359 prime?
True
Is 7782987599 prime?
True
Is 553466449 a prime number?
True
Is 4998321833 a prime number?
True
Is 3418831123 a composite number?
True
Is 6175155061 a composite number?
False
Is 3910254793 prime?
False
Is 3561617131 composite?
True
Is 4568704381 prime?
False
Is 12593393587 prime?
False
Is 82674866 a composite number?
True
Is 6582548911 a composite number?
False
Is 11193168377 composite?
False
Is 21345779821 a composite number?
False
Is 347512043 a prime number?
False
Is 39620815051 a prime number?
True
Is 4625231777 a composite number?
False
Is 6801451 a prime number?
False
Is 14661607933 a prime number?
False
Is 566958251 prime?
True
Is 126216433073 composite?
True
Is 294120061 a prime number?
False
Is 746779273 a composite number?
False
Is 2670328469 a composite number?
False
Is 3680264887 composite?
True
Is 1527472357 a composite number?
True
Is 18859784773 prime?
False
Is 61632841 prime?
True
Is 10776209 prime?
False
Is 102919831633 a prime number?
True
Is 435472171 a prime number?
True
Is 2860818641 a composite number?
False
Is 2539003501 prime?
True
Is 176706409 a prime number?
False
Is 2334735415 composite?
True
Is 1389025189 a composite number?
True
Is 1579177129 a composite number?
False
Is 181321048483 prime?
True
Is 40649867047 a prime number?
True
Is 225071507 a composite number?
False
Is 548742721 composite?
False
Is 16037576531 a composite number?
False
Is 49921297 prime?
True
Is 206074151 a composite number?
True
Is 4156228943 prime?
False
Is 12127845355 a composite number?
True
Is 22127911961 composite?
False
Is 358862363 a prime number?
True
Is 2713540249 a prime number?
False
Is 2542514413 prime?
False
Is 5352587267 prime?
False
Is 1529993755 composite?
True
Is 1388587511 prime?
True
Is 12404287911 composite?
True
Is 3807258557 composite?
True
Is 17008237349 composite?
False
Is 251773615319 composite?
False
Is 167695062641 a composite number?
True
Is 3349342549 a prime number?
False
Is 23951005367 composite?
True
Is 170815537553 a prime number?
False
Is 530684221 a composite number?
True
Is 5717018933 composite?
False
Is 1052111707 composite?
False
Is 9108419323 a prime number?
False
Is 5602152041 composite?
False
Is 416901731 composite?
False
Is 87792637 a composite number?
True
Is 26460348223 composite?
False
Is 309473141 a prime number?
False
Is 2323147873 a composite number?
False
Is 2630246357 prime?
True
Is 5619907149 a prime number?
False
Is 2398588481 a composite number?
True
Is 3565497863 a prime number?
False
Is 51026474179 prime?
True
Is 1003804871 composite?
True
Is 558986041 composite?
False
Is 101113563409 composite?
True
Is 10339116871 a prime number?
False
Is 5532765709 a composite number?
True
Is 800992895 a prime number?
False
Is 523582733 composite?
True
Is 7832539531 a composite number?
True
Is 551140687 prime?
True
Is 29810106899 a composite number?
False
Is 149218429 a prime number?
True
Is 26214345671 composite?
False
Is 3672566191 prime?
False
Is 274385519 composite?
True
Is 223302815 a composite number?
True
Is 13289271049 a prime number?
True
Is 554270661761 composite?
True
Is 434565765605 a composite number?
True
Is 3250304999 composite?
False
Is 50171433167 a prime number?
True
Is 3353462503 composite?
True
Is 2533467121 a composite number?
True
Is 104503331 a prime number?
True
Is 26050062307 composite?
False
Is 52200246617 a prime number?
False
Is 2823207787 a composite number?
False
Is 103661609185 composite?
True
Is 3002513543 prime?
True
Is 73367149 a composite number?
True
Is 47802838211 prime?
False
Is 4930940851 composite?
False
Is 12563108837 a composite number?
True
Is 31494338383 a prime number?
False
Is 1337218873 a composite number?
True
Is 6859718189 composite?
False
Is 235219879 composite?
False
Is 7014347 prime?
True
Is 25409445041 a prime number?
False
Is 159358807 prime?
True
Is 597808907 prime?
False
Is 117485539 a composite number?
False
Is 8335000747 prime?
True
Is 317453833 a prime number?
False
Is 169301903 prime?
True
Is 4468736513 a prime number?
True
Is 2893811387 prime?
True
Is 1886075297 a composite number?
False
Is 2114950181 composite?
False
Is 295116637 prime?
True
Is 10619275691 a composite number?
True
Is 113906211413 prime?
True
Is 132967649 a prime number?
False
Is 19829073203 a prime number?
True
Is 36097267391 prime?
False
Is 3599738539 prime?
True
Is 488356409 prime?
True
Is 25627944451 a composite number?
True
Is 40991720771 composite?
False
Is 157097599 composite?
True
Is 10898472587 a prime number?
True
Is 12922732633 a composite number?
True
Is 3730547987 a composite number?
True
Is 880739201 a prime number?
False
Is 1274446081 a prime number?
False
Is 1790190911 a composite number?
True
Is 74697044953 a prime number?
False
Is 1517445907 composite?
True
Is 16604114959 a composite number?
True
Is 636855113 composite?
False
Is 3146841779 composite?
False
Is 1315771069 composite?
True
Is 82061177851 prime?
True
Is 215753431 composite?
True
Is 88263251837 a prime number?
True
Is 4591484747 composite?
False
Is 93797172199 prime?
True
Is 43517197 composite?
True
Is 588058973 prime?
False
Is 6401619683 composite?
False
Is 1609075859 prime?
True
Is 2433606611 composite?
False
Is 1195953203 a prime number?
True
Is 40428281057 a prime number?
True
Is 11307508003 composite?
True
Is 67743150991 composite?
True
Is 4814828663 a composite number?
False
Is 6309730697 a prime number?
True
Is 338987389 a prime number?
False
Is 11773240757 a prime number?
True
Is 250783093 a prime number?
False
Is 722533453 a prime number?
True
Is 8650153849 a prime number?
True
Is 3288663193 a composite number?
True
Is 47186783258 composite?
True
Is 1396813933 prime?
True
Is 12198792355 a composite number?
True
Is 7414616086 a prime number?
False
Is 16795055 a composite number?
True
Is 146676303289 composite?
False
Is 3377489221 a composite number?
False
Is 5470024591 a prime number?
True
Is 364385951 composite?
True
Is 452965207 composite?
False
Is 47156080519 prime?
False
Is 20169746171 a prime number?
True
Is 119958221167 composite?
True
Is 216268255939 composite?
True
Is 3760956713 composite?
True
Is 123561887 a prime number?
True
Is 5370688703 a prime number?
False
Is 4516568321 a composite number?
True
Is 37661966 composite?
True
Is 236509057 composite?
True
Is 2261965919 prime?
True
Is 8570237171 composite?
True
Is 63271508021 composite?
True
Is 3320304973 prime?
True
Is 4883983945 prime?
False
Is 1690107329 a composite number?
True
Is 11067384781 composite?
False
Is 12105767903 a composite number?
False
Is 7709807893 composite?
True
Is 1581266066 prime?
False
Is 1370975983 prime?
False
Is 5593718261 prime?
True
Is 13091778971 composite?
True
Is 8523345761 prime?
False
Is 20673383879 a prime number?
True
Is 2601528493 a prime number?
True
Is 613134831 a prime number?
False
Is 12818443943 composite?
True
Is 4228132603 a prime number?
True
Is 509208317 prime?
False
Is 52925430191 prime?
False
Is 3677134169 a prime number?
False
Is 136433413 a prime number?
True
Is 885461659 a composite number?
True
Is 560854043 composite?
False
Is 2197869233 composite?
True
Is 824730427 a prime number?
False
Is 7586474326 a composite number?
True
Is 18560783 a composite number?
True
Is 2167924001 a prime number?
True
Is 987597613 a prime number?
True
Is 14372491297 prime?
True
Is 6572613595 composite?
True
Is 4685338313 prime?
True
Is 67544240831 a prime number?
True
Is 26910231043 prime?
True
Is 53770630411 composite?
True
Is 224850727747 a composite number?
False
Is 1267404245 prime?
False
Is 3828424813 a composite number?
False
Is 34819806319 a composite number?
False
Is 2051512063 a composite number?
True
Is 483463601 a prime number?
True
Is 17572249379 composite?
False
Is 35040998453 composi